 Let h be j(-12). Let p be (-5)/(-2*1/h). Calculate the highest common factor of p and 5.
5
Let l = 53 - 13. What is the greatest common factor of 5 and l?
5
Let v be (-4*(-26)/(-2))/(-1). Let t be (-4)/(-6) + v/3. Calculate the highest common divisor of t and 126.
18
Suppose -v - 4 + 10 = 0. Calculate the greatest common factor of 48 and v.
6
Let p(v) = -3*v**2 + 3 + 2*v + 5*v**2 - 5. Let d be p(-3). Calculate the greatest common factor of 10 and d.
10
Let w(o) = 2*o**2 + 3*o + 3. Let u be w(-4). Suppose 281 + 87 = 4*c. What is the greatest common factor of u and c?
23
Let p(m) = 12*m + 5. Let c(y) = 35*y + 14. Let b(h) = 6*c(h) - 17*p(h). Let u be b(2). Calculate the greatest common divisor of u and 22.
11
Let s(g) be the second derivative of 3/2*g**2 - 2*g + 1/6*g**3 + 0. Let t be s(4). Calculate the highest common factor of t and 49.
7
Suppose 3*u - 69 = -3*r - 0, -20 = 4*r. Let v(m) = m**2 + 5*m - 9. Let c be v(-7). Suppose -4*w + c = -11. Calculate the highest common divisor of w and u.
4
Let p be (2 + 18)/(0 + 2). Let a(x) = -5*x - 15. Let t be a(-9). What is the greatest common factor of p and t?
10
Let j be (2 - 14/2) + 3. Let c be (j/2)/((-2)/120). Suppose c = -4*k + 8*k. What is the greatest common divisor of k and 135?
15
Suppose 3*p = -3*v - 14 - 4, v = p + 10. Let s = p + 9. Calculate the highest common factor of s and 2.
1
Suppose -p - 76 = -4*x, -11 - 17 = -2*x - 2*p. What is the highest common divisor of x and 90?
18
Suppose -4*x = -3 - 1. Let k = x - -8. What is the greatest common factor of k and 9?
9
Let p(l) = -4*l + 154. Let v be p(0). What is the greatest common divisor of 14 and v?
14
Suppose 2*i = n + 58, i - n = 2*n + 34. Calculate the greatest common factor of i and 4.
4
Let w(q) = -q + 36. Let h be w(14). What is the greatest common divisor of 176 and h?
22
Let m be (-81)/(-4) + (-2)/8. What is the highest common divisor of m and 4?
4
Suppose -110*f - 4 = -112*f. What is the highest common divisor of f and 18?
2
Let p(r) = -r**2 + 5*r + 2. Let x be p(4). Calculate the greatest common divisor of 2 and x.
2
Let g(o) = -o**3 - 4*o**2 - o. Let a be g(-5). Suppose 2*h = 2*u + a, -9 = 5*h + 2*u - 112. Let s = 274 - 179. Calculate the greatest common divisor of s and h.
19
Suppose 0 = 3*a - 129 - 3. Suppose 0 = 4*h - a. What is the highest common factor of h and 11?
11
Let w(o) = -20*o - 15. Let j be w(-6). What is the greatest common factor of j and 21?
21
Suppose 2 - 5 = -c. Let l = -4 - -26. Suppose f - c*f = -l. Calculate the highest common divisor of f and 11.
11
Let a be (10/4)/((-12)/(-24)). Calculate the highest common divisor of 25 and a.
5
Let h(c) = c**3 - 3*c + 2. Let x be h(2). Let i = 39 + 5. Calculate the greatest common factor of i and x.
4
Let i(h) = -h**2 + 10*h - 6. Let t be i(7). Suppose 2*s + l - 16 = 2, -5*s + 45 = -2*l. Let d = t - s. What is the highest common divisor of 12 and d?
6
Suppose 2*w + 5*c = 105, w - 100 = -2*w + 4*c. What is the highest common factor of w and 10?
10
Let a(s) = 10*s**3 - s**2 + 2*s - 1. Let k be a(1). Let x be 14/2*((-40)/(-7))/4. Calculate the highest common divisor of x and k.
10
Let f be 1 - 6 - -85 - (-1 + 1). Suppose 5*t - 2*l + 7*l = 20, -4*t + 4*l = -48. What is the highest common factor of f and t?
8
Suppose 23*a = 42 + 119. What is the highest common divisor of 56 and a?
7
Suppose -v + 420 = 5*v. What is the greatest common divisor of 14 and v?
14
Suppose -7*q = -10*q + 36. Let o be (-14)/(-4) - (-6)/q. Calculate the greatest common factor of o and 16.
4
Let b be ((-3)/2)/((-3)/52). Suppose -4*g - 61 = 79. Let x = 74 + g. Calculate the greatest common factor of b and x.
13
Let a = -1 - -53. Suppose 5*i - 2*q = a, -2*q = -5*i + 2*q + 44. Calculate the greatest common factor of 24 and i.
12
Let o = -116 - -172. Calculate the greatest common divisor of 7 and o.
7
Let p = -8 + 23. Calculate the greatest common divisor of p and 120.
15
Let q = -20 - -34. Calculate the highest common divisor of 2 and q.
2
Suppose 0 = -4*r + 284 + 276. Let j be 1/2*(48 + -8). Calculate the greatest common divisor of j and r.
20
Suppose 2*k + 1284 = 78. Let c be k/(-45) - (-2)/(-5). What is the highest common divisor of 117 and c?
13
Let l = 16 + -13. Calculate the highest common factor of l and 12.
3
Let v(t) = 2*t**3 - 5*t**2 + 2*t + 3. Let x(n) = 2*n - 5. Let r be x(4). Let d be v(r). Calculate the greatest common factor of 12 and d.
6
Let l = 8 - 3. Suppose 2*w = 3*r - 5, 5*r + 3*w + 2*w = 25. Suppose -j + 138 = 4*c, -2*c - 2*j + 72 = -r*j. Calculate the highest common divisor of l and c.
5
Let f(j) = 3*j - 23. Let r be f(11). Calculate the greatest common divisor of r and 15.
5
Let u be ((-6)/(-1))/(2/16). Let x be 6/24*(0 + 4). Let l be (7 + -1)*x/1. Calculate the highest common factor of l and u.
6
Suppose -4*g + 0*u + u + 100 = 0, -68 = -2*g + 5*u. What is the highest common divisor of g and 12?
12
Let z(f) = 3*f**2 - f + 5. Let r be z(-5). Let m(l) = -l**2 - 15*l - 2. Let h be 1*(-2 + 6)*-3. Let c be m(h). What is the highest common divisor of r and c?
17
Suppose -3*h + 5*v = -58, 3*h = 2*v + 4 + 39. Calculate the greatest common factor of 121 and h.
11
Let l = -17 - -26. What is the highest common factor of 63 and l?
9
Let p = 114 - 77. What is the greatest common divisor of p and 37?
37
Suppose -2*f + 29 = 5*s, -1 - 20 = 2*f - 5*s. Suppose -5*w + 33 = j, 0*w - f*w = 3*j - 21. What is the greatest common divisor of 6 and w?
6
Let j be -6*(5/(-3) - -1). Suppose -79 = -j*a - 5*c, -3*a - 2*c + 7*c + 33 = 0. Suppose -8 = -2*i - 2*i. Calculate the highest common divisor of a and i.
2
Suppose 5*c - 16 = 4, 0 = 3*l - c - 482. Let i = l + -108. Calculate the highest common factor of 18 and i.
18
Let g(r) = -r**3 + 4*r**2 + 2*r - 5. Let n be g(4). Suppose 3*k + n*o = k + 66, 2*o - 154 = -5*k. What is the greatest common divisor of 75 and k?
15
Let b(t) = t**3 - 2*t**2 - 7*t. Let u be b(5). Let d be u/(-12)*(1 - 4). Calculate the highest common divisor of d and 110.
10
Let c = 0 + -3. Let g = c - -75. Let u(j) = j**3 - 4*j**2 - 3*j - 1. Let h be u(5). Calculate the greatest common factor of h and g.
9
Suppose -b = a + b - 7, 10 = -2*b. Suppose -5*g + 3 = -4*g, 2*c = -5*g + 31. Let s = a - c. Calculate the greatest common factor of 63 and s.
9
Let m be 0 + 0 - (-8)/2. Suppose -n = m*n - 330. Let t(w) = -6*w. Let k be t(-1). What is the highest common factor of k and n?
6
Suppose 3*v = -v + 120. Let l be 4/(-22) + (-48)/(-22). Suppose 6*r = -5*k + 2*r + 30, 0 = l*r + 10. What is the highest common factor of k and v?
10
Let l(x) = -2*x**2 - x**2 + 32 + 4*x**2. Let k be l(0). Suppose -3*b = -4*w + 44, -2*b - k = -3*w - 0*b. What is the highest common factor of 1 and w?
1
Let r(n) = n**2 - n. Let y be r(-9). Calculate the greatest common factor of 18 and y.
18
Let d(w) = -w**2 + 9*w + 2. Let b be d(9). Calculate the highest common factor of b and 16.
2
Let q(h) = -3*h - 32. Let o be q(-20). What is the greatest common divisor of o and 70?
14
Let x(d) = -4*d - 2. Suppose 12 = -4*h - 8. Let r be x(h). Let v be (-8)/4*(1 - 4). What is the greatest common divisor of r and v?
6
Let b be 1/3 - (-354)/18. Suppose 15 = 5*w - 3*p, -3*p = 5 - b. What is the highest common factor of w and 42?
6
Let b be 3 + 45/3 - -2. Let z(i) = -8*i + 3. Let q(d) = 40*d - 16. Let j(k) = -3*q(k) - 16*z(k). Let y be j(1). What is the highest common factor of b and y?
4
Let i(a) = -a**2 - 4*a - 1. Let z be i(-3). Suppose -15 = -3*g - 6. Let v be -3*((-11)/g + z). What is the greatest common divisor of v and 20?
5
Let r be (38/6)/(2/12). Let a = 41 - 15. Let f = 31 + a. What is the greatest common factor of f and r?
19
Let w(i) = 9 - 9 - 5*i - 5*i. Let o be w(-2). Calculate the greatest common divisor of 120 and o.
20
Let j(r) = r**2 + r - 1. Let n be j(2). Let t be 2/(-10) + (-9)/n. Let y be 2/t - 22/(-2). What is the greatest common factor of y and 10?
10
Suppose -20*a + 24*a - 12 = 0. Let x = 11 + -8. What is the highest common divisor of x and a?
3
Let b(z) = z**2 + 3*z - 11. Let n be b(-8). What is the highest common factor of 261 and n?
29
Suppose 3*s + 2*a - 20 = 91, 90 = 3*s - 5*a. What is the highest common factor of s and 7?
7
Let n = -1 - -1. Let q be 70/(n - 3/(-6)). What is the greatest common factor of q